2*k + 4. Give u(l).
7
Let y(j) = 2*j - 4. Let t be (-2)/(-3)*(-135)/(-6). Let c be t/(-5) + (-6)/(-1). Give y(c).
2
Let k(f) = 5*f**2 + 3*f - 11. Let i = -5 + -1. Let a(s) = -s**2 - s + 1. Let d(r) = i*a(r) - k(r). Give d(-4).
9
Suppose -16 = -4*q, 0*a + 5 = -5*a - 5*q. Let p(d) = -2*d - 7. Determine p(a).
3
Let v be (-2 + 14/4)*2. Suppose -v*t = 2 + 4. Let n(x) be the second derivative of -x**4/12 - x**3/6 - x**2 + 3*x. Give n(t).
-4
Let i(s) = 5*s**2 - 7*s - 5. Let l(p) = -2*p**2 + 3*p + 2. Let m(v) = -6*i(v) - 14*l(v). Let a be 2/((-3)/(0 - -3)). Calculate m(a).
-6
Let u(f) = 9*f - 13*f + 8 + 5*f. Calculate u(-7).
1
Let g(v) = -v**3 + 2*v**2 - 2*v + 1. Suppose -4*w + 5*n - 2*n = -4, 0 = -2*w - 5*n + 2. Determine g(w).
0
Let t(g) = -3*g**2 - 4*g. Let l(j) = 7*j**2 + 8*j - 1. Let f(p) = 2*l(p) + 5*t(p). Determine f(-5).
-7
Let w(k) be the third derivative of -k**4/24 + 2*k**3/3 + k**2. Suppose -2*u - 4 = -3*u. Let r = u - 1. What is w(r)?
1
Let c(k) = k**3 + 3*k**2 - k + 3. Let w be (3/5)/(16/(-80)). What is c(w)?
6
Let r(w) be the first derivative of -w**2 + 7*w - 9. What is r(6)?
-5
Let w(i) = i**3 - i + 6. Suppose -2 = z + 4. Let f = 10 + z. Let k(r) = r**3 - 4*r**2 + r - 4. Let c be k(f). Calculate w(c).
6
Let n = -125 + 132. Let m(t) = t**2 - 7*t + 9. What is m(n)?
9
Let l(x) = 5 - 5*x - 5 - 4. What is l(-3)?
11
Let d be (16/24)/(1 + (-1)/3). Let q(m) = 10*m. Calculate q(d).
10
Suppose 20 = 3*j + j. Let i = -3 + j. Let h(z) = i*z + 1 - 3 + 3. Calculate h(-3).
-5
Let l(z) = z - 7. Let k(b) = -2*b + 13. Let c(q) = -6*k(q) - 11*l(q). Suppose 3 = -3*h - 0*h. Give c(h).
-2
Let c be 8*(1/2 - 1). Let m(y) = 9 - y + 0*y + 7 - 15. Calculate m(c).
5
Let f(w) = -w**2 - 4*w + 2. Let y(q) = -1 + 5 - 2*q - 2. Let b = -13 - -16. Let i be y(b). What is f(i)?
2
Suppose 0 = 2*s - s. Let w(d) = -d**3 - d - 2. What is w(s)?
-2
Let k = 2 - 0. Let n(m) be the first derivative of 5*m**2/2 - 3*m - 9. Determine n(k).
7
Let b(q) = -2*q**3 - q**2 + 7*q - 9. Suppose 3*d = -15 - 0. Let f(z) = -3*z**3 - z**2 + 11*z - 14. Let u(t) = d*f(t) + 8*b(t). Determine u(-3).
-5
Let r = -6 + 12. Let s = r - 6. Let j(m) = m - 3. Calculate j(s).
-3
Let d(w) = 3*w**2 + 3*w**2 - 4 + 4*w - 2*w**2 - 5*w**2. Calculate d(3).
-1
Let o(c) be the first derivative of c**4/4 + c**3/3 - 5*c**2/2 - 2*c + 2. Calculate o(-3).
-5
Let j(i) = -i**3 + 3*i**2 + 4*i - 1. Let l = 28 + -24. Give j(l).
-1
Let v = -14 + 20. Let f(l) = -5*l + 8. Let t(k) = 22*k - 27. Let n(r) = 33*r - 41. Let g(q) = -5*n(q) + 7*t(q). Let m(z) = -9*f(z) + 4*g(z). Give m(v).
-2
Suppose 3*u = 2*w + 7, -u - 4*u + 7 = -w. Let g(m) be the third derivative of 0*m + 1/24*m**4 - 1/3*m**3 + 5*m**2 + 0 + 1/30*m**5. Calculate g(w).
4
Let f(w) be the third derivative of w**5/60 - w**4/12 - w**3/6 - 2*w**2. What is f(-3)?
14
Let u(a) = a**2 - 3*a - 2. Suppose 0 = -4*y + 10 + 2. What is u(y)?
-2
Suppose 0 - 20 = 5*k - g, 4*k - g = -15. Let t(p) = p**2 - 2. Let o(n) = 2*n**2 + n - 3. Let q(w) = -6*o(w) + 11*t(w). Calculate q(k).
1
Let w(i) = -i**3 - 3*i**2 - 2. Let b be (4 - 3/3)/1. Suppose -3*d = -4*g - 4, -2*d - b*d - 5 = 5*g. Let s be -1 + g - (-1 - -2). Calculate w(s).
-2
Let g(s) = 2*s + 3. Suppose -4 = 3*w + 5. Let a be g(w). Let l(r) be the first derivative of -r**3/3 + 4*r - 6. What is l(a)?
-5
Let s be -6*(-1)/4*40/30. Let f(p) = -2*p**3 + 2*p**2 + 1. Give f(s).
-7
Let k(p) = -5*p + 1 + 3*p**2 + 4*p + 1. Let m be 5/25 - (-18)/10. What is k(m)?
12
Let w(j) = 0*j - 4*j + 5*j + 3*j**2 + 4 + j**3. Let d(i) be the third derivative of i**5/60 - 5*i**4/24 + i**3/6 - 3*i**2. Let f be d(4). Determine w(f).
1
Let z(h) = -h**3 + h**2 + 5. Let a be z(0). Let v be (2 - 3)*(-1 + 1). Let s(t) = -4 + 9 - t + v*t. What is s(a)?
0
Let f(q) = -27*q - 26*q + 55*q - 10. Give f(8).
6
Suppose 9*p - 11*p = -4. Let k(l) = l**2 + 1. Let m be k(0). Let g(r) = -2*r + 3*r + 3*r - r**2 + m. Calculate g(p).
5
Let i be ((-54)/(-81))/(1/(-9)). Let u(x) = -x**3 - 8*x**2 - 7*x + 5. Determine u(i).
-25
Let c(w) be the first derivative of -w**4/4 - 4*w**3/3 + w**2/2 - 4*w + 23. Give c(-4).
-8
Let i(b) = 2*b + 2. Suppose 0 = 5*s - 39 + 29. What is i(s)?
6
Let p(q) = -5*q**2 + 4*q + 2. Let s(m) = 6*m**2 - 5*m - 2. Let b(j) = -5*p(j) - 4*s(j). Calculate b(2).
2
Suppose 0*l + 4*l - 4 = 0. Let j(d) = -3*d - 1. What is j(l)?
-4
Let q be (1*-1)/(6/(-30)). Let h(b) = b**2 - 7*b + 4. Determine h(q).
-6
Suppose -2*a = 2*n - 4, -2 = -5*a - n - 2*n. Let y(q) = 8*q + 9. Let s be -19 + 3 + (2 - 4). Let b(z) = -z - 1. Let g(u) = a*y(u) + s*b(u). Determine g(3).
6
Let b = 3 + -1. Let w = 1 + 1. Let q(u) = -w*u**2 + 4*u - 1 + 0*u**2 + u**2. What is q(b)?
3
Suppose 2*g - 3*j = -29, -5*j = 5*g - 0*g + 10. Let q(a) = 1 + 0 + 6*a + a**2 + a. What is q(g)?
1
Let n(x) = 8*x**2 + 6*x - 5. Let w(m) = 17*m**2 + 13*m - 11. Suppose 13 - 1 = 2*z. Suppose 3*t + 39 = -0*t. Let g(h) = t*n(h) + z*w(h). What is g(-2)?
-9
Let m(i) = i + 11. Suppose 4*q = -3*h - 23, h - 4*q = -7 - 6. Calculate m(h).
2
Let t(u) be the second derivative of -1/2*u**2 + 2*u + 1/6*u**3 + 1/12*u**4 + 0. Determine t(0).
-1
Let j(x) = 11*x**2 + 19*x + 2. Let d(b) = 5*b**2 + 9*b + 1. Let r(k) = -9*d(k) + 4*j(k). Suppose 2*g + 4*l - 3*l + 10 = 0, -2*g + 3*l = 2. Calculate r(g).
3
Let i(t) = t + 3. Let p be (9 - 2) + 3 + -4. Suppose -s + p*s = -15. Determine i(s).
0
Let n(x) = -x + 1. Let s be 24/(1*-3) + 1. Suppose -5*z = -5*a + 70, 3*z - 4*a = 7*z + 40. Let v = s - z. Give n(v).
-4
Let f(s) = -12*s**3 + 5 + 11*s**3 - s + 5*s**2 + 5*s + 2*s - s. Let c(o) = 2*o**2 + 5*o + 6 + 3*o**2 - 6*o**2. Let p be c(5). Determine f(p).
-1
Let w(m) be the third derivative of m**7/840 + m**6/120 - m**5/40 - m**4/8 + m**3/2 + 2*m**2. Let a(k) be the first derivative of w(k). Calculate a(-4).
-7
Let y(r) be the first derivative of 4*r**2 + r + 11. Let m = 1 - 2. Give y(m).
-7
Let s(m) = -2*m - 3. Let p(t) = -9*t - 15. Let k(h) = -2*p(h) + 11*s(h). Calculate k(-3).
9
Let v(a) = -a**2 + 5*a + 6. Let w = -5 - -11. Let d be ((-10)/w)/1*-3. Determine v(d).
6
Let a(s) = s + 3. Let x(w) = -w - 1. Let r = -15 + 18. Let z(b) = r*x(b) + a(b). What is z(-5)?
10
Let r(v) be the second derivative of -v**2 + 3*v - 1/3*v**3 - 1/6*v**4 + 1/20*v**5 + 0. Calculate r(3).
1
Let n = -1 - -9. Let r(y) = -y**3 + 7*y**2 + 7*y + 3. Determine r(n).
-5
Let j(z) = -z - 2. Let w be 3/6*-6 - -11. Let t be -5 - (w/(-4))/1. Calculate j(t).
1
Let u(k) = -k**2 - 3*k + 6. Suppose -2*y = -5*w + 5 - 0, -y - 4*w + 30 = 0. Suppose -2*v = -0*v + y. What is u(v)?
-4
Suppose 3*q + 24 = 11*q. Let m(p) be the third derivative of 0*p + 1/4*p**4 + 0*p**q - 2*p**2 + 0. Calculate m(1).
6
Let x(n) be the second derivative of -n**4/12 + 5*n**3/6 - n**2/2 + 7*n. What is x(6)?
-7
Suppose -5*d = -25, 4 + 4 = 4*f - 4*d. Let j = 11 - f. Suppose 4*u - j*z = 40, 3*u - 2*z - 35 = 2*z. Let c(k) = k. Determine c(u).
5
Let l(t) = -t**2 + 7*t - 6. Suppose 20 = -4*r, 3*q = -r + 9 - 2. What is l(q)?
6
Let n be 8/6 + 4/(-12). Let z(w) = -8*w + 1. Determine z(n).
-7
Let q = 0 - -4. Let n(s) be the second derivative of -s**4/6 + 7*s**3/6 - 3*s**2 + 16*s. Give n(q).
-10
Suppose 5*v - 19 = -4. Let q(i) = -i - 6*i**2 - i**v + 4*i**2 - 6*i**3. What is q(-1)?
6
Let f(a) = a**3 + a**2 - a + 1. Let h(m) = 2*m**2 + 6*m. Let q = 3 - 4. Let k(p) = q*h(p) - 2*f(p). What is k(-2)?
6
Let l(w) = -w**2 + 4 - 2 + 2. Let u(r) = r + 7. Let i be u(-3). Let g = -1 + i. Give l(g).
-5
Let o(s) = -7*s**3 + s + 1. Suppose -6 + 3 = -2*j + m, -3*j + 2 = -m. Calculate o(j).
7
Let q(w) = -w - 1. Let b be ((-22)/44)/(1/(-2)). Determine q(b).
-2
Let y(d) = 40*d**3 - 3*d**2 - 3*d. Let h(m) = 20*m**3 - m**2 - m. Let t(z) = -5*h(z) + 2*y(z). Calculate t(-1).
20
Let j(x) = x**3 - 1. Let w(l) = -4*l**3 + l**2 - l. Let h = -9 - -8. Let i(b) = h*j(b) - w(b). Determine i(-1).
-4
Let v = 10 + -9. Let l(m) = 0*m - 2*m + 2*m + v + 13*m**3. Give l(1).
14
Let t be 20/(-4) + 1 + 0. Suppose -4*z + 33 - 9 = 0. Let i = z + t. Let x(y) = 2*y**2 - 2*y + 1. Calculate x(i).
5
Let a(j) = -j**2 + 4*j + 14. Let b be a(6). Let p be 12/4 - (3 - b). Let h(s) = s. Determine h(p).
2
Let y(p) be the second derivative of 0 - 4*p**2 + p - 1/3*p**3. Let u be y(-6). Let f(c) = -c - 2. Give f(u).
-6
Let p = -9 + -6. Let j(f) = -f**2 - 14*f + 10. Let v be j(p). Let o(k)